, what is -221 - 1120?
-2001
In base 12, what is -25 - 1?
-26
In base 15, what is 3 + e7?
ea
In base 14, what is -33d5 + 2?
-33d3
In base 4, what is 3 - -31211?
31220
In base 15, what is -1d7 - 4?
-1db
In base 15, what is -a2 - -3?
-9e
In base 14, what is 8a + 2a?
b6
In base 15, what is 31 + 2a1?
2d2
In base 8, what is 0 - 61?
-61
In base 8, what is 2 - -4771?
4773
In base 7, what is 2 - 1552?
-1550
In base 2, what is 100101 - -1000?
101101
In base 14, what is 509 - -7?
512
In base 3, what is -11 - -1022201?
1022120
In base 4, what is -1 - 3302?
-3303
In base 16, what is -7 + d?
6
In base 10, what is 493 - -2?
495
In base 5, what is 111224 + 11?
111240
In base 13, what is 13 + 23?
36
In base 15, what is 31 + 4?
35
In base 3, what is 1201 + -12122?
-10221
In base 15, what is -299 - 0?
-299
In base 4, what is 10 - -100320?
100330
In base 6, what is 2 - -132?
134
In base 15, what is -24 - 15?
-39
In base 7, what is -16203 - 4?
-16210
In base 2, what is -1111 - 110?
-10101
In base 7, what is -2461 + 4?
-2454
In base 12, what is -2 - -b8b?
b89
In base 8, what is -10 + 100?
70
In base 10, what is 3 - 17?
-14
In base 16, what is 4 + -1296?
-1292
In base 15, what is 5 - a9?
-a4
In base 8, what is -4 - -344?
340
In base 14, what is 2820 - 0?
2820
In base 15, what is 5 + -2ad?
-2a8
In base 6, what is 21512 - -5?
21521
In base 3, what is -11 + -212?
-1000
In base 10, what is 7300 + 4?
7304
In base 13, what is -3 - -606?
603
In base 13, what is -a2 + -5?
-a7
In base 16, what is 20 + -34?
-14
In base 15, what is 1 + 86c?
86d
In base 14, what is 349c - -5?
34a3
In base 4, what is -1203 - -1313?
110
In base 7, what is 14342 - -3?
14345
In base 14, what is -d - 5b?
-6a
In base 11, what is 24 + 22a?
253
In base 12, what is -6837 - 1?
-6838
In base 7, what is 1 + -55?
-54
In base 2, what is 11101111110111 + -11?
11101111110100
In base 4, what is -3 + -13?
-22
In base 3, what is 11 - -1222?
2010
In base 6, what is 4 - 1044?
-1040
In base 10, what is -4 + 26?
22
In base 12, what is 2 + -77?
-75
In base 3, what is -11211 + 210?
-11001
In base 9, what is -2 - 33?
-35
In base 8, what is -13 - 13?
-26
In base 2, what is 1 + -10001001110?
-10001001101
In base 2, what is -10111 - 100?
-11011
In base 10, what is -512 + -4?
-516
In base 3, what is 1022 + -201?
121
In base 11, what is -4169 - -1?
-4168
In base 6, what is 5513 + -1?
5512
In base 10, what is -339 - -4?
-335
In base 3, what is 2211 - -110?
10021
In base 9, what is 185 - -4?
200
In base 7, what is 11 + -22?
-11
In base 9, what is 1 + 2166?
2167
In base 16, what is 104 + d?
111
In base 12, what is 49 - -4?
51
In base 3, what is -10 - 110112?
-110122
In base 4, what is -2 - 1202?
-1210
In base 10, what is 2878 - -3?
2881
In base 11, what is 4 + -32?
-29
In base 10, what is 42 - 263?
-221
In base 7, what is 6 + 25?
34
In base 6, what is -11 + 103?
52
In base 5, what is -4 - 1013?
-1022
In base 3, what is 1001 - -10202?
11210
In base 12, what is 8 + -6?
2
In base 11, what is -607 - -5?
-602
In base 4, what is -200 + -3?
-203
In base 5, what is -2221 + 13?
-2203
In base 12, what is 45 - -1?
46
In base 2, what is -1011011 - -1101000?
1101
In base 2, what is -1010100001101 - -10?
-1010100001011
In base 14, what is 71c - 5?
717
In base 16, what is 166 + -2?
164
In base 9, what is 633 + 2?
635
In base 11, what is 89 - 2?
87
In base 4, what is 11 + 102130?
102201
In base 11, what is -a + -3?
-12
In base 15, what is 6 - -20?
26
In base 3, what is 1 - 20202?
-20201
In base 13, what is -560 - -3?
-55a
In base 5, what is 401 + 1?
402
In base 7, what is -2 + -10554?
-10556
In base 2, what is -10 - 1011?
-1101
In base 14, what is -2 - -86?
84
In base 5, what is -21242 + -10?
-21302
In base 3, what is -1101021 - -11?
-1101010
In base 2, what is -1 - 10?
-11
In base 10, what is 1 + -446?
-445
In base 16, what is 2 - 4d7?
-4d5
In base 5, what is 3 - -211?
214
In base 12, what is -1 - -22?
21
In base 2, what is -100101110 - 1110?
-100111100
In base 16, what is a + 23?
2d
In base 7, what is 10 - -130?
140
In base 6, what is 53 + -5525?
-5432
In base 12, what is -5 - -3a?
35
In base 16, what is 146 - 4?
142
In base 7, what is 3 - 222?
-216
In base 10, what is -6 - -13?
7
In base 6, what is -54 + 12?
-42
In base 4, what is -110 + 10?
-100
In base 9, what is 6 - -13?
20
In base 8, what is 1455 + 4?
1461
In base 10, what is -3 - -46?
43
In base 2, what is -100101111001 - -1101?
-100101101100
In base 15, what is 15 + -7?
d
In base 7, what is -6422 - 1?
-6423
In base 14, what is 2bd + -1?
2bc
In base 9, what is 58 + -4?
54
In base 14, what is 1 + 6?
7
In base 9, what is 3 + 2104?
2107
In base 14, what is 611 - -3?
614
In base 14, what is 27d - -5?
284
In base 2, what is -111011 - -100?
-110111
In base 12, what is 2 - 647?
-645
In base 2, what is -11100100010110 - -11?
-11100100010011
In base 3, what is -212 - 1010?
-1222
In base 10, what is -214 + 0?
-214
In base 12, what is -67 - a?
-75
In base 5, what is -1042 + -3?
-1100
In base 8, what is -2316 + 5?
-2311
In base 6, what is -1 + -10?
-11
In base 13, what is -1b5 + -1?
-1b6
In base 2, what is -1 - 1101001100100?
-1101001100101
In base 8, what is 556 - -2?
560
In base 12, what is -4 + 95?
91
In base 2, what is 100 - 11000010?
-10111110
In base 2, what is 101010011 + 0?
101010011
In base 4, what is 3 + -121312?
-121303
In base 15, what is 5bd4 - -5?
5bd9
In base 13, what is 69 - -5?
71
In base 15, what is -4 - -a61?
a5c
In base 14, what is -2a + -2c?
-58
In base 4, what is -13100 + -10?
-13110
In base 6, what is 4 + -10331?
-10323
In base 12, what is -2 - a1b?
-a21
In base 4, what is 2 + 30213?
30221
In base 6, what is -1250 + 51?
-1155
In base 13, what is -3299 + 2?
-3297
In base 13, what is -1 - -13?
12
In base 7, what is 10 - -133?
143
In base 12, what is -5 + 1360?
1357
In base 8, what is 2 + -2710?
-2706
In base 10, what is -635 + -5?
-640
In base 3, what is 1100011 + 2?
1100020
In base 2, what is 101 - 110110010?
-110101101
In base 10, what is -3626 + 2?
-3624
In base 11, what is 9 - -147?
155
In base 3, what is 10200021 + 0?
10200021
In base 15, what is 150 - -67?
1b7
In base 9, what is -26 - -626?
600
In base 15, what is -9 - -4?
-5
In base 13, what is -263a + 5?
-2635
In base 9, what is 4462 - -2?
4464
In base 9, what is -13446 - -1?
-13445
In base 3, what is 0 + 1001?
1001
In base 11, what is 67 - -3?
6a
In base 9, what is 3402 - -4?
3406
In base 6, what is 434114 - -2?
434120
In base 2, what is 10110 - -1111001?
10001111
In base 14, what is 2 - 5c?
-5a
In base 3, what is 1210 - -10?
1220
In base 15, what is 3 + 17a?
17d
In base 4, what is -1020 + -20?
-1100
In base 9, what is 4 - -1187?
1202
In base 3, what is 10020022 - -1?
10020100
In base 6, what is -21053 - -3?
-21050
In base 4, what is 0 - -112230?
112230
In base 15, what is 4d1 - 5?
4cb
In base 14, what is -4 - -30b?
307
In base 11, what is 27 + 6?
32
In base 14, what is -6 + 1?
-5
In base 5, what is 2022 - 32?
1440
In base 13, what is -15 + -c?
-24
In base 10, what is 7 - -11?
18
In base 13, what is -5996 + 2?
-5994
In base 15, what is -1 + d1?
d0
In base 2, what is 101 + -1111110?
-1111001
In base 5, what is -432 + 3?
-424
In base 13, what is -382 - 6?
-388
In base 14, what is 0 - -498?
498
In base 13, what is 4 + -90?
-89
In base 7, what is -10305 + -5?
-10313
In base 7, what is -5042 + 11?
-5031
In base 4, what is -33 + -1?
-100
In base 16, what is -95 - -fe?
69
In base 12, what is 4 + -53?
-4b
In base 14, what is d3 - 7?
ca
In base 16, what is -2 - -26?
24
In base 8, what is 117 - -321?
440
In base 2, what is 11001111 + -100?
11001011
In base 6, what is -14 + -10?
-24
In base 8, what is 1307 - -27?
1336
In base 15, what is a + 85?
90
In base 10, what is 539 - -4?
543
In base 10, what is 6 - -223?
229
In base 5, what is 12 + 33?
100
In base 5, what is 14401 + 1?
14402
In base 7, what is -34 + -5?
-42
In base 11, what is 1a74 + 4?
1a78
In base 7, what is 3 - -20134?
20140
In base 7, what is -64 + 11?
-53
In base 9, what is 6 + 1636?
1643
In base 7, what is 1 - -53?
54
In base 4, what is 12232300 - 3?
12232231
In base 10, what is 5 + 221?
226
In base 8, what is -3 - 111?
-114
In base 10, what is -3 - -1326?
1323
In base 11, what is -5 - 100?
-105
In base 11, what is 3 + 2648?
2650
In base 14, what is -2 + b?
9
